{"id":16,"date":"2023-05-17T09:58:21","date_gmt":"2023-05-17T09:58:21","guid":{"rendered":"http:\/\/domekwgruszkach.pl\/?page_id=16"},"modified":"2023-10-09T14:49:00","modified_gmt":"2023-10-09T14:49:00","slug":"okolica","status":"publish","type":"page","link":"https:\/\/domekwgruszkach.pl\/?page_id=16","title":{"rendered":"Okolica"},"content":{"rendered":"\t\t<div data-elementor-type=\"wp-page\" data-elementor-id=\"16\" class=\"elementor elementor-16\">\n\t\t\t\t\t\t\t\t\t<section class=\"elementor-section elementor-top-section elementor-element elementor-element-1bc4d402 elementor-section-boxed elementor-section-height-default elementor-section-height-default\" data-id=\"1bc4d402\" data-element_type=\"section\">\n\t\t\t\t\t\t<div class=\"elementor-container elementor-column-gap-default\">\n\t\t\t\t\t<div class=\"elementor-column elementor-col-100 elementor-top-column elementor-element elementor-element-3dd3b037\" data-id=\"3dd3b037\" data-element_type=\"column\">\n\t\t\t<div class=\"elementor-widget-wrap\">\n\t\t\t\t\t\t\t\t\t<\/div>\n\t\t<\/div>\n\t\t\t\t\t\t\t<\/div>\n\t\t<\/section>\n\t\t\t\t<section class=\"elementor-section elementor-top-section elementor-element elementor-element-47d32056 elementor-section-boxed elementor-section-height-default elementor-section-height-default\" data-id=\"47d32056\" data-element_type=\"section\" data-settings=\"{&quot;background_background&quot;:&quot;classic&quot;}\">\n\t\t\t\t\t\t<div class=\"elementor-container elementor-column-gap-wider\">\n\t\t\t\t\t<div class=\"elementor-column elementor-col-25 elementor-top-column elementor-element elementor-element-69ac1fb5\" data-id=\"69ac1fb5\" data-element_type=\"column\">\n\t\t\t<div class=\"elementor-widget-wrap elementor-element-populated\">\n\t\t\t\t\t\t\t\t<div class=\"elementor-element elementor-element-26831f01 animated-slow elementor-position-top elementor-vertical-align-top elementor-invisible elementor-widget elementor-widget-image-box\" data-id=\"26831f01\" data-element_type=\"widget\" data-settings=\"{&quot;_animation&quot;:&quot;fadeIn&quot;,&quot;_animation_delay&quot;:300}\" data-widget_type=\"image-box.default\">\n\t\t\t\t<div class=\"elementor-widget-container\">\n\t\t\t<style>\/*! elementor - v3.13.2 - 11-05-2023 *\/\n.elementor-widget-image-box .elementor-image-box-content{width:100%}@media (min-width:768px){.elementor-widget-image-box.elementor-position-left .elementor-image-box-wrapper,.elementor-widget-image-box.elementor-position-right .elementor-image-box-wrapper{display:flex}.elementor-widget-image-box.elementor-position-right .elementor-image-box-wrapper{text-align:right;flex-direction:row-reverse}.elementor-widget-image-box.elementor-position-left .elementor-image-box-wrapper{text-align:left;flex-direction:row}.elementor-widget-image-box.elementor-position-top .elementor-image-box-img{margin:auto}.elementor-widget-image-box.elementor-vertical-align-top .elementor-image-box-wrapper{align-items:flex-start}.elementor-widget-image-box.elementor-vertical-align-middle .elementor-image-box-wrapper{align-items:center}.elementor-widget-image-box.elementor-vertical-align-bottom .elementor-image-box-wrapper{align-items:flex-end}}@media (max-width:767px){.elementor-widget-image-box .elementor-image-box-img{margin-left:auto!important;margin-right:auto!important;margin-bottom:15px}}.elementor-widget-image-box .elementor-image-box-img{display:inline-block}.elementor-widget-image-box .elementor-image-box-title a{color:inherit}.elementor-widget-image-box .elementor-image-box-wrapper{text-align:center}.elementor-widget-image-box .elementor-image-box-description{margin:0}<\/style><div class=\"elementor-image-box-wrapper\"><figure class=\"elementor-image-box-img\"><a href=\"http:\/\/www.augustow.pl\/pl\/kanal-augustowski\"><img decoding=\"async\" src=\"https:\/\/domekwgruszkach.pl\/wp-content\/uploads\/elementor\/thumbs\/346104494_1581384405689538_5578064707532519736_n-q6nstknq21rdsslw2jac4o7dcj76vpmegez5n5bn2g.jpg\" title=\"346104494_1581384405689538_5578064707532519736_n\" alt=\"346104494_1581384405689538_5578064707532519736_n\" loading=\"lazy\" \/><\/a><\/figure><div class=\"elementor-image-box-content\"><h3 class=\"elementor-image-box-title\"><a href=\"http:\/\/www.augustow.pl\/pl\/kanal-augustowski\"> Kana\u0142 Augustowski <\/a><\/h3><p class=\"elementor-image-box-description\">Sp\u0142ywy kajakowe<\/p><\/div><\/div>\t\t<\/div>\n\t\t\t\t<\/div>\n\t\t\t\t\t<\/div>\n\t\t<\/div>\n\t\t\t\t<div class=\"elementor-column elementor-col-25 elementor-top-column elementor-element elementor-element-9d71879\" data-id=\"9d71879\" data-element_type=\"column\">\n\t\t\t<div class=\"elementor-widget-wrap elementor-element-populated\">\n\t\t\t\t\t\t\t\t<div class=\"elementor-element elementor-element-9735462 animated-slow elementor-position-top elementor-vertical-align-top elementor-invisible elementor-widget elementor-widget-image-box\" data-id=\"9735462\" data-element_type=\"widget\" data-settings=\"{&quot;_animation&quot;:&quot;fadeIn&quot;,&quot;_animation_delay&quot;:300}\" data-widget_type=\"image-box.default\">\n\t\t\t\t<div class=\"elementor-widget-container\">\n\t\t\t<div class=\"elementor-image-box-wrapper\"><figure class=\"elementor-image-box-img\"><a href=\"https:\/\/www.bialystok.lasy.gov.pl\/puszcza-augustowska\"><img decoding=\"async\" src=\"https:\/\/domekwgruszkach.pl\/wp-content\/uploads\/elementor\/thumbs\/puszcza_1-q6nriu4m8ls4ishuzc055gsa0tk65i2vd380lumcg8.jpg\" title=\"puszcza_1\" alt=\"puszcza_1\" loading=\"lazy\" \/><\/a><\/figure><div class=\"elementor-image-box-content\"><h3 class=\"elementor-image-box-title\"><a href=\"https:\/\/www.bialystok.lasy.gov.pl\/puszcza-augustowska\">Puszcza Augustowska<\/a><\/h3><p class=\"elementor-image-box-description\">Zbieranie jag\u00f3d, grzyb\u00f3w<\/p><\/div><\/div>\t\t<\/div>\n\t\t\t\t<\/div>\n\t\t\t\t\t<\/div>\n\t\t<\/div>\n\t\t\t\t<div class=\"elementor-column elementor-col-25 elementor-top-column elementor-element elementor-element-a05a80e\" data-id=\"a05a80e\" data-element_type=\"column\">\n\t\t\t<div class=\"elementor-widget-wrap elementor-element-populated\">\n\t\t\t\t\t\t\t\t<div class=\"elementor-element elementor-element-2235f6b animated-slow elementor-position-top elementor-vertical-align-top elementor-invisible elementor-widget elementor-widget-image-box\" data-id=\"2235f6b\" data-element_type=\"widget\" data-settings=\"{&quot;_animation&quot;:&quot;fadeIn&quot;,&quot;_animation_delay&quot;:300}\" data-widget_type=\"image-box.default\">\n\t\t\t\t<div class=\"elementor-widget-container\">\n\t\t\t<div class=\"elementor-image-box-wrapper\"><figure class=\"elementor-image-box-img\"><a href=\"http:\/\/www.dziczenie.pl\"><img decoding=\"async\" src=\"https:\/\/domekwgruszkach.pl\/wp-content\/uploads\/elementor\/thumbs\/346104514_646747273935971_7034702200729727555_n-q7v2ldz2hisr4djrccdum4k0e4xlbslipq4jdr81vs.jpg\" title=\"346104514_646747273935971_7034702200729727555_n\" alt=\"346104514_646747273935971_7034702200729727555_n\" loading=\"lazy\" \/><\/a><\/figure><div class=\"elementor-image-box-content\"><h3 class=\"elementor-image-box-title\"><a href=\"http:\/\/www.dziczenie.pl\">Wycieczki z przewodnikiem po puszczy<\/a><\/h3><\/div><\/div>\t\t<\/div>\n\t\t\t\t<\/div>\n\t\t\t\t\t<\/div>\n\t\t<\/div>\n\t\t\t\t<div class=\"elementor-column elementor-col-25 elementor-top-column elementor-element elementor-element-3f47208\" data-id=\"3f47208\" data-element_type=\"column\">\n\t\t\t<div class=\"elementor-widget-wrap elementor-element-populated\">\n\t\t\t\t\t\t\t\t<div class=\"elementor-element elementor-element-e72f6e8 animated-slow elementor-position-top elementor-vertical-align-top elementor-invisible elementor-widget elementor-widget-image-box\" data-id=\"e72f6e8\" data-element_type=\"widget\" data-settings=\"{&quot;_animation&quot;:&quot;fadeIn&quot;,&quot;_animation_delay&quot;:300}\" data-widget_type=\"image-box.default\">\n\t\t\t\t<div class=\"elementor-widget-container\">\n\t\t\t<div class=\"elementor-image-box-wrapper\"><figure class=\"elementor-image-box-img\"><a href=\"http:\/\/www.nawigry.pl\"><img decoding=\"async\" src=\"https:\/\/domekwgruszkach.pl\/wp-content\/uploads\/elementor\/thumbs\/IMG_20220222_180311_955-q7v2yqalhv29x462fm07i9cjy165l4kcvrhnm5fvk8.webp\" title=\"IMG_20220222_180311_955\" alt=\"IMG_20220222_180311_955\" loading=\"lazy\" \/><\/a><\/figure><div class=\"elementor-image-box-content\"><h3 class=\"elementor-image-box-title\"><a href=\"http:\/\/www.nawigry.pl\"> Sanktuaria<\/a><\/h3><p class=\"elementor-image-box-description\">Sanktuaria w Studzienicza\u0144skiej, R\u00f3\u017canymstoku w Sok\u00f3\u0142ce<\/p><\/div><\/div>\t\t<\/div>\n\t\t\t\t<\/div>\n\t\t\t\t\t<\/div>\n\t\t<\/div>\n\t\t\t\t\t\t\t<\/div>\n\t\t<\/section>\n\t\t\t\t<section class=\"elementor-section elementor-top-section elementor-element elementor-element-bcd43a8 elementor-section-boxed elementor-section-height-default elementor-section-height-default\" data-id=\"bcd43a8\" data-element_type=\"section\" data-settings=\"{&quot;background_background&quot;:&quot;classic&quot;}\">\n\t\t\t\t\t\t<div class=\"elementor-container elementor-column-gap-wider\">\n\t\t\t\t\t<div class=\"elementor-column elementor-col-25 elementor-top-column elementor-element elementor-element-14e6f24\" data-id=\"14e6f24\" data-element_type=\"column\">\n\t\t\t<div class=\"elementor-widget-wrap elementor-element-populated\">\n\t\t\t\t\t\t\t\t<div class=\"elementor-element elementor-element-790f7fb animated-slow elementor-widget__width-initial elementor-position-top elementor-vertical-align-top elementor-invisible elementor-widget elementor-widget-image-box\" data-id=\"790f7fb\" data-element_type=\"widget\" data-settings=\"{&quot;_animation&quot;:&quot;fadeIn&quot;,&quot;_animation_delay&quot;:300}\" data-widget_type=\"image-box.default\">\n\t\t\t\t<div class=\"elementor-widget-container\">\n\t\t\t<div class=\"elementor-image-box-wrapper\"><figure class=\"elementor-image-box-img\"><a href=\"http:\/\/www.zeglugaaugustowska.p\"><img decoding=\"async\" src=\"https:\/\/domekwgruszkach.pl\/wp-content\/uploads\/elementor\/thumbs\/346104261_947417226575971_7745910683312582820_n-q6nrhy63s8kdk1sa5y6tsoultpxovsjzwp1iafxqbs.jpg\" title=\"346104261_947417226575971_7745910683312582820_n\" alt=\"346104261_947417226575971_7745910683312582820_n\" loading=\"lazy\" \/><\/a><\/figure><div class=\"elementor-image-box-content\"><h3 class=\"elementor-image-box-title\"><a href=\"http:\/\/www.zeglugaaugustowska.p\"> August\u00f3w i jego atrakcje<\/a><\/h3><p class=\"elementor-image-box-description\">Rejsy statkiem<\/p><\/div><\/div>\t\t<\/div>\n\t\t\t\t<\/div>\n\t\t\t\t\t<\/div>\n\t\t<\/div>\n\t\t\t\t<div class=\"elementor-column elementor-col-25 elementor-top-column elementor-element elementor-element-d71fdb7\" data-id=\"d71fdb7\" data-element_type=\"column\">\n\t\t\t<div class=\"elementor-widget-wrap elementor-element-populated\">\n\t\t\t\t\t\t\t\t<div class=\"elementor-element elementor-element-1edbb36 animated-slow elementor-position-top elementor-vertical-align-top elementor-invisible elementor-widget elementor-widget-image-box\" data-id=\"1edbb36\" data-element_type=\"widget\" data-settings=\"{&quot;_animation&quot;:&quot;fadeIn&quot;,&quot;_animation_delay&quot;:300}\" data-widget_type=\"image-box.default\">\n\t\t\t\t<div class=\"elementor-widget-container\">\n\t\t\t<div class=\"elementor-image-box-wrapper\"><figure class=\"elementor-image-box-img\"><a href=\"http:\/\/www.biebrza.org.pl\"><img decoding=\"async\" src=\"https:\/\/domekwgruszkach.pl\/wp-content\/uploads\/elementor\/thumbs\/346104638_1289911025258057_3734109455030241251_n-q7v2tz7yy0k3832k6k23wgintwlco7p7k8ra9shj0o.jpg\" title=\"346104638_1289911025258057_3734109455030241251_n\" alt=\"346104638_1289911025258057_3734109455030241251_n\" loading=\"lazy\" \/><\/a><\/figure><div class=\"elementor-image-box-content\"><h3 class=\"elementor-image-box-title\"><a href=\"http:\/\/www.biebrza.org.pl\">Biebrza\u0144ski Park Nardodowy<\/a><\/h3><p class=\"elementor-image-box-description\">Szlaki po parku<\/p><\/div><\/div>\t\t<\/div>\n\t\t\t\t<\/div>\n\t\t\t\t\t<\/div>\n\t\t<\/div>\n\t\t\t\t<div class=\"elementor-column elementor-col-25 elementor-top-column elementor-element elementor-element-c160e61\" data-id=\"c160e61\" data-element_type=\"column\">\n\t\t\t<div class=\"elementor-widget-wrap elementor-element-populated\">\n\t\t\t\t\t\t\t\t<div class=\"elementor-element elementor-element-699feb6 animated-slow elementor-position-top elementor-vertical-align-top elementor-invisible elementor-widget elementor-widget-image-box\" data-id=\"699feb6\" data-element_type=\"widget\" data-settings=\"{&quot;_animation&quot;:&quot;fadeIn&quot;,&quot;_animation_delay&quot;:300}\" data-widget_type=\"image-box.default\">\n\t\t\t\t<div class=\"elementor-widget-container\">\n\t\t\t<div class=\"elementor-image-box-wrapper\"><figure class=\"elementor-image-box-img\"><a href=\"http:\/\/www.nawigry.pl\"><img decoding=\"async\" src=\"https:\/\/domekwgruszkach.pl\/wp-content\/uploads\/elementor\/thumbs\/346106008_1170042601061252_1807666327398083713_n-q6lyryuctgzwhc7omaw0m5i7sg47ppovwcx7pcmg08.jpg\" title=\"346106008_1170042601061252_1807666327398083713_n\" alt=\"346106008_1170042601061252_1807666327398083713_n\" loading=\"lazy\" \/><\/a><\/figure><div class=\"elementor-image-box-content\"><h3 class=\"elementor-image-box-title\"><a href=\"http:\/\/www.nawigry.pl\">Klasztor w Wigrach<\/a><\/h3><p class=\"elementor-image-box-description\">Pokamedulski klasztor<\/p><\/div><\/div>\t\t<\/div>\n\t\t\t\t<\/div>\n\t\t\t\t\t<\/div>\n\t\t<\/div>\n\t\t\t\t<div class=\"elementor-column elementor-col-25 elementor-top-column elementor-element elementor-element-03d6195\" data-id=\"03d6195\" data-element_type=\"column\">\n\t\t\t<div class=\"elementor-widget-wrap elementor-element-populated\">\n\t\t\t\t\t\t\t\t<div class=\"elementor-element elementor-element-6e6a120 animated-slow elementor-position-top elementor-vertical-align-top elementor-invisible elementor-widget elementor-widget-image-box\" data-id=\"6e6a120\" data-element_type=\"widget\" data-settings=\"{&quot;_animation&quot;:&quot;fadeIn&quot;,&quot;_animation_delay&quot;:300}\" data-widget_type=\"image-box.default\">\n\t\t\t\t<div class=\"elementor-widget-container\">\n\t\t\t<div class=\"elementor-image-box-wrapper\"><figure class=\"elementor-image-box-img\"><a href=\"https:\/\/ela-travel.pl\/package\/wycieczka-do-wilna-trok-litwa\/\"><img decoding=\"async\" src=\"https:\/\/domekwgruszkach.pl\/wp-content\/uploads\/elementor\/thumbs\/Zamek_Troki_srednie-q7xvsyr4f8kx931sest7c6kkek7di8chbrb05qusnc.png\" title=\"Zamek_Troki_srednie\" alt=\"Zamek_Troki_srednie\" loading=\"lazy\" \/><\/a><\/figure><div class=\"elementor-image-box-content\"><h3 class=\"elementor-image-box-title\"><a href=\"https:\/\/ela-travel.pl\/package\/wycieczka-do-wilna-trok-litwa\/\">Wycieczka WILNO \u2013 TROKI<\/a><\/h3><\/div><\/div>\t\t<\/div>\n\t\t\t\t<\/div>\n\t\t\t\t\t<\/div>\n\t\t<\/div>\n\t\t\t\t\t\t\t<\/div>\n\t\t<\/section>\n\t\t\t\t<section class=\"elementor-section elementor-inner-section elementor-element elementor-element-296fcc5d elementor-section-boxed elementor-section-height-default elementor-section-height-default\" data-id=\"296fcc5d\" data-element_type=\"section\">\n\t\t\t\t\t\t<div class=\"elementor-container elementor-column-gap-default\">\n\t\t\t\t\t<div class=\"elementor-column elementor-col-100 elementor-inner-column elementor-element elementor-element-56506cd0\" data-id=\"56506cd0\" data-element_type=\"column\">\n\t\t\t<div class=\"elementor-widget-wrap elementor-element-populated\">\n\t\t\t\t\t\t\t\t<div class=\"elementor-element elementor-element-244c8d7f elementor-widget elementor-widget-image\" data-id=\"244c8d7f\" data-element_type=\"widget\" data-widget_type=\"image.default\">\n\t\t\t\t<div class=\"elementor-widget-container\">\n\t\t\t<style>\/*! elementor - v3.13.2 - 11-05-2023 *\/\n.elementor-widget-image{text-align:center}.elementor-widget-image a{display:inline-block}.elementor-widget-image a img[src$=\".svg\"]{width:48px}.elementor-widget-image img{vertical-align:middle;display:inline-block}<\/style>\t\t\t\t\t\t\t\t\t<figure class=\"wp-caption\">\n\t\t\t\t\t\t\t\t\t\t<img loading=\"lazy\" decoding=\"async\" width=\"768\" height=\"102\" src=\"https:\/\/domekwgruszkach.pl\/wp-content\/uploads\/2023\/05\/Capture_logo-1-768x102.png\" class=\"attachment-medium_large size-medium_large wp-image-131\" alt=\"\" srcset=\"https:\/\/domekwgruszkach.pl\/wp-content\/uploads\/2023\/05\/Capture_logo-1-768x102.png 768w, https:\/\/domekwgruszkach.pl\/wp-content\/uploads\/2023\/05\/Capture_logo-1-300x40.png 300w, https:\/\/domekwgruszkach.pl\/wp-content\/uploads\/2023\/05\/Capture_logo-1-1024x136.png 1024w, https:\/\/domekwgruszkach.pl\/wp-content\/uploads\/2023\/05\/Capture_logo-1-1536x204.png 1536w, https:\/\/domekwgruszkach.pl\/wp-content\/uploads\/2023\/05\/Capture_logo-1.png 1683w\" sizes=\"auto, (max-width: 768px) 100vw, 768px\" \/>\t\t\t\t\t\t\t\t\t\t\t<figcaption class=\"widget-image-caption wp-caption-text\">Operacja \u2018\u2019Zakupu domku mobilnego na ko\u0142ach z wyposa\u017ceniem\u2019\u2019 realizowana w ramach Programu \u201eRybactwo i Morze\u201d.  Umowa o dofinansowanie nr 00085-6523.2-SW1010008\/21\/23<\/figcaption>\n\t\t\t\t\t\t\t\t\t\t<\/figure>\n\t\t\t\t\t\t\t\t\t<\/div>\n\t\t\t\t<\/div>\n\t\t\t\t\t<\/div>\n\t\t<\/div>\n\t\t\t\t\t\t\t<\/div>\n\t\t<\/section>\n\t\t\t\t\t\t\t<\/div>\n\t\t","protected":false},"excerpt":{"rendered":"<p>Kana\u0142 Augustowski Sp\u0142ywy kajakowe Puszcza Augustowska Zbieranie jag\u00f3d, grzyb\u00f3w Wycieczki z przewodnikiem po puszczy Sanktuaria Sanktuaria w Studzienicza\u0144skiej, R\u00f3\u017canymstoku w Sok\u00f3\u0142ce August\u00f3w i jego atrakcje Rejsy statkiem Biebrza\u0144ski Park Nardodowy Szlaki po parku Klasztor w Wigrach Pokamedulski klasztor Wycieczka WILNO \u2013 TROKI Operacja \u2018\u2019Zakupu domku mobilnego na ko\u0142ach z wyposa\u017ceniem\u2019\u2019 realizowana w ramach Programu \u201eRybactwo [&hellip;]<\/p>\n","protected":false},"author":1,"featured_media":0,"parent":0,"menu_order":0,"comment_status":"closed","ping_status":"closed","template":"","meta":{"_monsterinsights_skip_tracking":false,"_monsterinsights_sitenote_active":false,"_monsterinsights_sitenote_note":"","_monsterinsights_sitenote_category":0,"footnotes":""},"class_list":["post-16","page","type-page","status-publish","hentry","entry"],"aioseo_notices":[],"_links":{"self":[{"href":"https:\/\/domekwgruszkach.pl\/index.php?rest_route=\/wp\/v2\/pages\/16","targetHints":{"allow":["GET"]}}],"collection":[{"href":"https:\/\/domekwgruszkach.pl\/index.php?rest_route=\/wp\/v2\/pages"}],"about":[{"href":"https:\/\/domekwgruszkach.pl\/index.php?rest_route=\/wp\/v2\/types\/page"}],"author":[{"embeddable":true,"href":"https:\/\/domekwgruszkach.pl\/index.php?rest_route=\/wp\/v2\/users\/1"}],"replies":[{"embeddable":true,"href":"https:\/\/domekwgruszkach.pl\/index.php?rest_route=%2Fwp%2Fv2%2Fcomments&post=16"}],"version-history":[{"count":28,"href":"https:\/\/domekwgruszkach.pl\/index.php?rest_route=\/wp\/v2\/pages\/16\/revisions"}],"predecessor-version":[{"id":429,"href":"https:\/\/domekwgruszkach.pl\/index.php?rest_route=\/wp\/v2\/pages\/16\/revisions\/429"}],"wp:attachment":[{"href":"https:\/\/domekwgruszkach.pl\/index.php?rest_route=%2Fwp%2Fv2%2Fmedia&parent=16"}],"curies":[{"name":"wp","href":"https:\/\/api.w.org\/{rel}","templated":true}]}}